{"id":8,"date":"2022-06-22T15:02:02","date_gmt":"2022-06-22T13:02:02","guid":{"rendered":"https:\/\/boulangerie.org\/adherents\/?page_id=8"},"modified":"2022-06-22T15:02:04","modified_gmt":"2022-06-22T13:02:04","slug":"mentions-legales","status":"publish","type":"page","link":"https:\/\/boulangerie.org\/adherents\/mentions-legales\/","title":{"rendered":"Mentions l\u00e9gales"},"content":{"rendered":"","protected":false},"excerpt":{"rendered":"","protected":false},"author":1,"featured_media":0,"parent":0,"menu_order":0,"comment_status":"closed","ping_status":"closed","template":"","meta":{"_acf_changed":false,"footnotes":""},"categories":[],"tags":[],"class_list":["post-8","page","type-page","status-publish","hentry"],"acf":[],"yoast_head":"<!-- This site is optimized with the Yoast SEO plugin v27.3 - https:\/\/yoast.com\/product\/yoast-seo-wordpress\/ -->\n<title>Mentions l\u00e9gales - Adh\u00e9rents<\/title>\n<meta name=\"robots\" content=\"index, follow, max-snippet:-1, max-image-preview:large, max-video-preview:-1\" \/>\n<link rel=\"canonical\" href=\"https:\/\/boulangerie.org\/adherents\/mentions-legales\/\" \/>\n<meta property=\"og:locale\" content=\"fr_FR\" \/>\n<meta property=\"og:type\" content=\"article\" \/>\n<meta property=\"og:title\" content=\"Mentions l\u00e9gales - Adh\u00e9rents\" \/>\n<meta property=\"og:url\" content=\"https:\/\/boulangerie.org\/adherents\/mentions-legales\/\" \/>\n<meta property=\"og:site_name\" content=\"Adh\u00e9rents\" \/>\n<meta property=\"article:modified_time\" content=\"2022-06-22T13:02:04+00:00\" \/>\n<meta name=\"twitter:card\" content=\"summary_large_image\" \/>\n<script type=\"application\/ld+json\" class=\"yoast-schema-graph\">{\"@context\":\"https:\\\/\\\/schema.org\",\"@graph\":[{\"@type\":\"WebPage\",\"@id\":\"https:\\\/\\\/boulangerie.org\\\/adherents\\\/mentions-legales\\\/\",\"url\":\"https:\\\/\\\/boulangerie.org\\\/adherents\\\/mentions-legales\\\/\",\"name\":\"Mentions l\u00e9gales - Adh\u00e9rents\",\"isPartOf\":{\"@id\":\"https:\\\/\\\/boulangerie.org\\\/adherents\\\/#website\"},\"datePublished\":\"2022-06-22T13:02:02+00:00\",\"dateModified\":\"2022-06-22T13:02:04+00:00\",\"breadcrumb\":{\"@id\":\"https:\\\/\\\/boulangerie.org\\\/adherents\\\/mentions-legales\\\/#breadcrumb\"},\"inLanguage\":\"fr-FR\",\"potentialAction\":[{\"@type\":\"ReadAction\",\"target\":[\"https:\\\/\\\/boulangerie.org\\\/adherents\\\/mentions-legales\\\/\"]}]},{\"@type\":\"BreadcrumbList\",\"@id\":\"https:\\\/\\\/boulangerie.org\\\/adherents\\\/mentions-legales\\\/#breadcrumb\",\"itemListElement\":[{\"@type\":\"ListItem\",\"position\":1,\"name\":\"Accueil\",\"item\":\"https:\\\/\\\/boulangerie.org\\\/adherents\\\/\"},{\"@type\":\"ListItem\",\"position\":2,\"name\":\"Mentions l\u00e9gales\"}]},{\"@type\":\"WebSite\",\"@id\":\"https:\\\/\\\/boulangerie.org\\\/adherents\\\/#website\",\"url\":\"https:\\\/\\\/boulangerie.org\\\/adherents\\\/\",\"name\":\"Adh\u00e9rents\",\"description\":\"Un site utilisant Les sites de Conf\u00e9d\u00e9ration Nationale de la Boulangerie-P\u00e2tisserie Fran\u00e7aise\",\"potentialAction\":[{\"@type\":\"SearchAction\",\"target\":{\"@type\":\"EntryPoint\",\"urlTemplate\":\"https:\\\/\\\/boulangerie.org\\\/adherents\\\/?s={search_term_string}\"},\"query-input\":{\"@type\":\"PropertyValueSpecification\",\"valueRequired\":true,\"valueName\":\"search_term_string\"}}],\"inLanguage\":\"fr-FR\"}]}<\/script>\n<!-- \/ Yoast SEO plugin. -->","yoast_head_json":{"title":"Mentions l\u00e9gales - Adh\u00e9rents","robots":{"index":"index","follow":"follow","max-snippet":"max-snippet:-1","max-image-preview":"max-image-preview:large","max-video-preview":"max-video-preview:-1"},"canonical":"https:\/\/boulangerie.org\/adherents\/mentions-legales\/","og_locale":"fr_FR","og_type":"article","og_title":"Mentions l\u00e9gales - Adh\u00e9rents","og_url":"https:\/\/boulangerie.org\/adherents\/mentions-legales\/","og_site_name":"Adh\u00e9rents","article_modified_time":"2022-06-22T13:02:04+00:00","twitter_card":"summary_large_image","schema":{"@context":"https:\/\/schema.org","@graph":[{"@type":"WebPage","@id":"https:\/\/boulangerie.org\/adherents\/mentions-legales\/","url":"https:\/\/boulangerie.org\/adherents\/mentions-legales\/","name":"Mentions l\u00e9gales - Adh\u00e9rents","isPartOf":{"@id":"https:\/\/boulangerie.org\/adherents\/#website"},"datePublished":"2022-06-22T13:02:02+00:00","dateModified":"2022-06-22T13:02:04+00:00","breadcrumb":{"@id":"https:\/\/boulangerie.org\/adherents\/mentions-legales\/#breadcrumb"},"inLanguage":"fr-FR","potentialAction":[{"@type":"ReadAction","target":["https:\/\/boulangerie.org\/adherents\/mentions-legales\/"]}]},{"@type":"BreadcrumbList","@id":"https:\/\/boulangerie.org\/adherents\/mentions-legales\/#breadcrumb","itemListElement":[{"@type":"ListItem","position":1,"name":"Accueil","item":"https:\/\/boulangerie.org\/adherents\/"},{"@type":"ListItem","position":2,"name":"Mentions l\u00e9gales"}]},{"@type":"WebSite","@id":"https:\/\/boulangerie.org\/adherents\/#website","url":"https:\/\/boulangerie.org\/adherents\/","name":"Adh\u00e9rents","description":"Un site utilisant Les sites de Conf\u00e9d\u00e9ration Nationale de la Boulangerie-P\u00e2tisserie Fran\u00e7aise","potentialAction":[{"@type":"SearchAction","target":{"@type":"EntryPoint","urlTemplate":"https:\/\/boulangerie.org\/adherents\/?s={search_term_string}"},"query-input":{"@type":"PropertyValueSpecification","valueRequired":true,"valueName":"search_term_string"}}],"inLanguage":"fr-FR"}]}},"_links":{"self":[{"href":"https:\/\/boulangerie.org\/adherents\/wp-json\/wp\/v2\/pages\/8","targetHints":{"allow":["GET"]}}],"collection":[{"href":"https:\/\/boulangerie.org\/adherents\/wp-json\/wp\/v2\/pages"}],"about":[{"href":"https:\/\/boulangerie.org\/adherents\/wp-json\/wp\/v2\/types\/page"}],"author":[{"embeddable":true,"href":"https:\/\/boulangerie.org\/adherents\/wp-json\/wp\/v2\/users\/1"}],"replies":[{"embeddable":true,"href":"https:\/\/boulangerie.org\/adherents\/wp-json\/wp\/v2\/comments?post=8"}],"version-history":[{"count":1,"href":"https:\/\/boulangerie.org\/adherents\/wp-json\/wp\/v2\/pages\/8\/revisions"}],"predecessor-version":[{"id":9,"href":"https:\/\/boulangerie.org\/adherents\/wp-json\/wp\/v2\/pages\/8\/revisions\/9"}],"wp:attachment":[{"href":"https:\/\/boulangerie.org\/adherents\/wp-json\/wp\/v2\/media?parent=8"}],"wp:term":[{"taxonomy":"category","embeddable":true,"href":"https:\/\/boulangerie.org\/adherents\/wp-json\/wp\/v2\/categories?post=8"},{"taxonomy":"post_tag","embeddable":true,"href":"https:\/\/boulangerie.org\/adherents\/wp-json\/wp\/v2\/tags?post=8"}],"curies":[{"name":"wp","href":"https:\/\/api.w.org\/{rel}","templated":true}]}}